3013166?
0
What is the hundreds digit of 2171922?
9
What is the hundreds digit of 2210622?
6
What is the tens digit of 749567?
6
What is the hundreds digit of 1605539?
5
What is the millions digit of 1100884?
1
What is the hundred thousands digit of 1856139?
8
What is the tens digit of 2480350?
5
What is the hundreds digit of 12239247?
2
What is the ten thousands digit of 5904695?
0
What is the thousands digit of 620900?
0
What is the hundred thousands digit of 607347?
6
What is the thousands digit of 968771?
8
What is the hundred thousands digit of 165911?
1
What is the ten thousands digit of 969819?
6
What is the units digit of 820237?
7
What is the units digit of 72525?
5
What is the thousands digit of 846641?
6
What is the millions digit of 1948691?
1
What is the millions digit of 21791047?
1
What is the millions digit of 6010838?
6
What is the tens digit of 97825?
2
What is the thousands digit of 1683629?
3
What is the tens digit of 11164016?
1
What is the hundreds digit of 6467112?
1
What is the units digit of 6436657?
7
What is the units digit of 1959037?
7
What is the units digit of 162406?
6
What is the millions digit of 2016086?
2
What is the tens digit of 612524?
2
What is the units digit of 875726?
6
What is the hundred thousands digit of 4878151?
8
What is the hundreds digit of 165438?
4
What is the thousands digit of 7569044?
9
What is the hundreds digit of 15436150?
1
What is the tens digit of 709054?
5
What is the hundreds digit of 81968?
9
What is the units digit of 7690015?
5
What is the thousands digit of 1480339?
0
What is the hundred thousands digit of 26324480?
3
What is the hundred thousands digit of 649092?
6
What is the ten thousands digit of 867736?
6
What is the tens digit of 195265?
6
What is the tens digit of 73470?
7
What is the ten millions digit of 13811147?
1
What is the millions digit of 1230376?
1
What is the thousands digit of 10099215?
9
What is the millions digit of 13926420?
3
What is the hundred thousands digit of 14236431?
2
What is the tens digit of 7521711?
1
What is the thousands digit of 2185560?
5
What is the hundred thousands digit of 1192515?
1
What is the hundred thousands digit of 579099?
5
What is the ten thousands digit of 2283285?
8
What is the tens digit of 36453229?
2
What is the hundreds digit of 8471523?
5
What is the thousands digit of 5622572?
2
What is the millions digit of 6266486?
6
What is the units digit of 381338?
8
What is the hundreds digit of 1551101?
1
What is the tens digit of 34692?
9
What is the tens digit of 531751?
5
What is the ten thousands digit of 975898?
7
What is the hundred thousands digit of 173995?
1
What is the units digit of 11412522?
2
What is the millions digit of 19197914?
9
What is the units digit of 118470?
0
What is the ten thousands digit of 20427668?
2
What is the tens digit of 933391?
9
What is the tens digit of 1291061?
6
What is the hundred thousands digit of 9390520?
3
What is the ten thousands digit of 303570?
0
What is the units digit of 3454561?
1
What is the units digit of 302982?
2
What is the hundred thousands digit of 773505?
7
What is the ten thousands digit of 4240545?
4
What is the thousands digit of 147878?
7
What is the units digit of 295905?
5
What is the units digit of 733411?
1
What is the hundreds digit of 8167492?
4
What is the tens digit of 5671382?
8
What is the units digit of 860437?
7
What is the hundreds digit of 46097?
0
What is the units digit of 2208133?
3
What is the tens digit of 3374247?
4
What is the hundred thousands digit of 274069?
2
What is the tens digit of 235143?
4
What is the ten millions digit of 29193617?
2
What is the units digit of 1346105?
5
What is the units digit of 1825852?
2
What is the millions digit of 1068301?
1
What is the units digit of 47679?
9
What is the hundred thousands digit of 154683?
1
What is the units digit of 129062?
2
What is the thousands digit of 1029584?
9
What is the tens digit of 9058899?
9
What is the hundreds digit of 330949?
9
What is the units digit of 157992?
2
What is the thousands digit of 1528496?
8
What is the millions digit of 1539666?
1
What is the units digit of 11810010?
0
What is the hundreds digit of 39731?
7
What is the tens digit of 639750?
5
What is the hundreds digit of 242157?
1
What is the ten thousands digit of 3757315?
5
What is the units digit of 1802818?
8
What is the hundred thousands digit of 201199?
2
What is the ten thousands digit of 8111944?
1
What is the hundred thousands digit of 4449294?
4
What is the millions digit of 12721047?
2
What is the hundreds digit of 725827?
8
What is the hundreds digit of 6636172?
1
What is the units digit of 25164?
4
What is the hundreds digit of 3689037?
0
What is the hundred thousands digit of 11977543?
9
What is the thousands digit of 15550880?
0
What is the ten thousands digit of 313395?
1
What is the units digit of 693982?
2
What is the units digit of 899795?
5
What is the thousands digit of 2980416?
0
What is the hundred thousands digit of 192317?
1
What is the units digit of 9196951?
1
What is the tens digit of 197528?
2
What is the units digit of 3977476?
6
What is the ten thousands digit of 276474?
7
What is the units digit of 943947?
7
What is the hundreds digit of 4290945?
9
What is the thousands digit of 194005?
4
What is the hundred thousands digit of 22921180?
9
What is the hundred thousands digit of 297226?
2
What is the units digit of 5902688?
8
What is the millions digit of 1197004?
1
What is the ten thousands digit of 2578126?
7
What is the thousands digit of 1162902?
2
What is the hundred thousands digit of 791919?
7
What is the thousands digit of 444696?
4
What is the ten thousands digit of 2658948?
5
What is the millions digit of 2874750?
2
What is the ten thousands digit of 55765?
5
What is the units digit of 3377691?
1
What is the hundred thousands digit of 176453?
1
What is the units digit of 4385067?
7
What is the tens digit of 631183?
8
What is the hundreds digit of 1960428?
4
What is the ten thousands digit of 5606816?
0
What is the ten thousands digit of 219407?
1
What is the hundred thousands digit of 4959160?
9
What is the units digit of 615000?
0
What is the ten thousands digit of 854510?
5
What is the hundred thousands digit of 9459979?
4
What is the thousands digit of 5152049?
2
What is the tens digit of 931783?
8
What is the ten thousands digit of 236194?
3
What is the hundreds digit of 22210595?
5
What is the tens digit of 8780719?
1
What is the millions digit of 25638090?
5
What is the units digit of 2759?
9
What is the tens digit of 56602?
0
What is the units digit of 292371?
1
What is the tens digit of 3676646?
4
What is the hundreds digit of 64234?
2
What is the hundreds digit of 187497?
4
What is the ten thousands digit of 2401523?
0
What is the ten thousands digit of 6886155?
8
What is the units digit of 357718?
8
What is the hundreds digit of 350704?
7
What is the thousands digit of 1095386?
5
What is the hundreds digit of 32173895?
8
What is the ten thousands digit of 123051?
2
What is the tens digit of 998961?
6
What is the units digit of 28735590?
0
What is the units digit of 379378?
8
What is the hundreds digit of 545966?
9
What is the units digit of 5515619?
9
What is the hundreds digit of 275676?
6
What is the ten thousands digit of 9613470?
1
What is the thousands digit of 176888?
6
What is the hundred thousands digit of 794809?
7
What is the thousands digit of 560444?
0
What is the hundreds digit of 3167884?
8
What is the millions digit of 3592954?
3
What is the thousands digit of 858065?
8
What is the units digit of 1005665?
5
What is the tens digit of 448830?
3
What is the hundreds digit of 545448?
4
What is the thousands digit of 1846712?
6
What is the thousands digit of 175719?
5
What is the hundred thousands digit of 7367968?
3
What is the tens digit of 3730?
3
What is the hundred thousands digit of 1224851?
2
What is the millions digit of 12584367?
2
What is the units digit of 479306?
6
What is the thousands digit of 1428164?
8
What is the millions digit of 14948430?
4
What is the tens digit of 43455?
5
What is the hundred thousands digit of 6431799?
4
What is the tens digit of 1654052?
5
What is the ten thousands digit of 5584824?
8
What is the tens digit of 